ided by 20?
16
Let u = 20 + -9. Suppose -4*d + 7 + 9 = 0. Suppose d*n = 9 + 7. What is the remainder when u is divided by n?
3
Suppose 2*c + 2*c - 4 = 0. Suppose -4*a + 3*x = -4, 2*a - c = a + 2*x. Suppose u = -a + 3. What is the remainder when 2 is divided by u?
0
Suppose 4*i - 39 = -3*o, 51 = 4*o + i + 4*i. What is the remainder when 15 is divided by o?
6
Let u(y) = -y**3 + 3*y**2 + 6*y - 4. Let a be u(4). Suppose a*m = -3*t - 39 - 14, 3*t - 15 = 0. Let k = m - -40. What is the remainder when k is divided by 8?
7
Suppose -41 = -9*k + 436. Calculate the remainder when k is divided by 4.
1
Let l(r) = r**3 - 13*r**2 + 22*r - 1. Let v be l(11). Let s be (-2)/(-1 + -1) - -3. Let d = s + v. Calculate the remainder when 7 is divided by d.
1
Suppose 9*r - 200 = -74. Suppose 53 = 4*m - 3*m. Calculate the remainder when m is divided by r.
11
What is the remainder when 107 is divided by ((-10)/5 + 3)*22?
19
Let p = 42 - 38. Suppose -4*r = 2*b + 2, -b = -6*b + r + 28. What is the remainder when b is divided by p?
1
What is the remainder when 103 is divided by (-2)/2 + (38 - 2)?
33
Let f(s) = -s**2 - 8*s + 11. Let z be f(-9). What is the remainder when 11 is divided by z/(-8) - (-51)/12?
3
What is the remainder when 28 + -4 + 0 + 2 is divided by 14?
12
Suppose h - 5*h + 20 = 0. Suppose 3*o + 117 = 5*z, h*z - 123 = 3*o - 6*o. Suppose -9 = -3*r + z. Calculate the remainder when 32 is divided by r.
10
Let c = -138 - -208. Calculate the remainder when c is divided by 23.
1
Let b = -13 - -95. What is the remainder when b is divided by 29?
24
Suppose 0 = -4*k - 0*k - d + 19, 2*k - 2*d - 12 = 0. What is the remainder when 13 is divided by k?
3
Let z = -4 - -15. Calculate the remainder when 39 - 2*6/(-4) is divided by z.
9
What is the remainder when (-436)/(-10) - 16/(-40) is divided by 12?
8
Let d(k) = 6*k - 14. Calculate the remainder when d(4) is divided by 7.
3
Let q(a) = -a**3 - 26*a**2 - 2*a - 8. What is the remainder when q(-26) is divided by 18?
8
Let y(u) = 5*u**2 + 4*u + 4. Calculate the remainder when 180 is divided by y(3).
58
Suppose -3*m + 0*w = -w - 559, 4*m - 727 = 5*w. Suppose 0 = 4*k, 4*x = k + k + m. What is the remainder when x is divided by 25?
22
Let z = 48 + -35. What is the remainder when z is divided by 4?
1
Suppose -13 = -u + 133. Calculate the remainder when u is divided by 38.
32
Suppose -30 = -5*p - 4*n, -6*p = -3*p + 2*n - 18. Suppose 6*v - v = 80. What is the remainder when v is divided by p?
4
What is the remainder when 2*623/70 + 2/10 is divided by 10?
8
Suppose 5*a = -0*a + 105. What is the remainder when a is divided by 12?
9
Suppose -43 = -b - 27. Let u = 61 - 31. What is the remainder when u is divided by b?
14
Let x(n) = n**2 - 12. What is the remainder when x(-6) is divided by (-3)/(-6) + 25/2?
11
Let z = 60 - 36. Calculate the remainder when 46 is divided by z.
22
Let v(u) = 4*u + 8. Let h be v(8). Let l = h + -27. What is the remainder when 25 is divided by l?
12
Suppose -5*v + 2*j = -301, 2*v + 4*j - 47 - 59 = 0. Calculate the remainder when v is divided by 12.
11
Let i = 23 + -11. What is the remainder when 32 is divided by i?
8
Let x = 408 - 275. What is the remainder when x is divided by 34?
31
Let d be 0/2*(-4)/8. Suppose d = 4*c - 3*c - 30. What is the remainder when c is divided by 16?
14
Suppose 0 = -4*r + 16 - 0. Let g = r - 5. Calculate the remainder when (g + -62)*(-2)/6 is divided by 11.
10
Let w(f) = -2*f - 4. Let z be w(-3). Let b = 0 + z. Suppose -c = -0*c - 5. What is the remainder when c is divided by b?
1
Suppose 0 = 2*x + 3*x - 15. Suppose 0 = -0*o - o + x. Calculate the remainder when 10 is divided by o.
1
Suppose 6*g - 11 = 5*g. What is the remainder when g is divided by 3?
2
Suppose -175 = -2*r - 3*r. Let q(v) = v**2 - 2*v - 6. Let w be q(-4). Suppose x + 0*x = w. What is the remainder when r is divided by x?
17
Let y(m) = m**3 - 6*m**2 + 2*m - 6. Let r = 10 - -12. Calculate the remainder when r is divided by y(6).
4
Suppose -6*p + 4*p + 40 = s, 5*p + 147 = 4*s. What is the remainder when s is divided by 20?
18
Suppose u - 2*b + 5*b = 73, 59 = u - 4*b. Calculate the remainder when u is divided by 10.
7
Suppose -6*i - 27 = -5*i. Let p = -34 + 44. Calculate the remainder when p is divided by (i/6)/(3/(-4)).
4
Suppose p = -0*p + 22. Let c be (-119)/9 + 18/81. Let y = c + 25. Calculate the remainder when p is divided by y.
10
Suppose t = j - 6*j + 18, 2*j = -3*t + 2. Suppose 0 = -z - 0*z - j, -5*s = -5*z - 50. Calculate the remainder when 15 is divided by s.
3
Suppose -3*s = -9 - 0. Suppose -d = s, 4*d + 278 = 5*w + 71. Calculate the remainder when w is divided by 10.
9
Let v = 35 - 21. Suppose k = -k + v. Let o = 11 - k. What is the remainder when 11 is divided by o?
3
Suppose 0 = -4*f + 3*x + 366, -f + 2*x - 86 = -2*f. Suppose -m + 6*m - f = 0. Calculate the remainder when 70 is divided by m.
16
Let h(i) = -18*i. Let n be h(2). Let g(y) = y**3 + 6*y**2 + 4*y + 2. Let l be g(-6). Let p = l - n. What is the remainder when 41 is divided by p?
13
Suppose 351 = 3*l + 4*u, -2*l + 0*l - 3*u + 233 = 0. Suppose 2*f - l - 75 = 0. Suppose -5*i = f - 333. Calculate the remainder when i is divided by 16.
15
Let o(u) = -u**3 - 2*u**2 + u. Let d be o(-3). Suppose 4 = 2*y, -4*y + 26 = 2*h - d. What is the remainder when 33 is divided by h?
9
Let f(a) be the first derivative of 8*a**2 - 5*a + 1. What is the remainder when f(4) is divided by 20?
19
Suppose -19 = -2*n + 4*j - 3, -j + 1 = -3*n. Calculate the remainder when (-23 - (-1 + 0))*n is divided by 15.
14
Let t(w) = 4*w**2 + 4*w + 1. Calculate the remainder when (-3)/(-2) - (-1)/(-2) is divided by t(-1).
0
Let d = 11 + 7. Suppose -d*f + 13*f + 120 = 0. Calculate the remainder when f is divided by 13.
11
Let w = 2 + 1. Suppose k - 4*o - 1 = 9, -5*o = w*k - 30. What is the remainder when 39 is divided by k?
9
Let z = 3 + -1. Suppose -2*p + 4*r = z*p - 136, -42 = -p - r. Calculate the remainder when p is divided by 13.
12
Let f(y) = y**3 + 9*y**2 - 4*y - 5. Let i be 4/(-16)*-4*-9. Calculate the remainder when 61 is divided by f(i).
30
Let h(g) = -g**3 + 5*g**2 - 2*g - 3. Let z be h(4). Suppose 14 = z*u - 6. Suppose 0 = u*s - 7*s + 3. Calculate the remainder when 2 is divided by s.
0
Suppose 100 = 5*w - 0*w. Suppose 0*j = 2*j - w. Calculate the remainder when 39 is divided by j.
9
Let b(x) be the first derivative of -x**2/2 - 2*x + 1. Let m be ((-8)/(-6))/((-4)/12). Calculate the remainder when 2 is divided by b(m).
0
Let o(r) = 6*r + 4. Let d(m) = -m. Let c(q) = 8*d(q) + o(q). Let y be c(-3). Let u = y - 7. Calculate the remainder when 7 is divided by u.
1
What is the remainder when 22 is divided by -2 + -5*2*-1?
6
Suppose -5*o = -g + 148, 3*g = o - 2*g + 44. Let n = 44 + o. Calculate the remainder when 27 is divided by n.
12
Let c = 102 - 58. Suppose -195 = -4*i + i. Suppose 0 = 3*n + 5*z - 13 - 7, 0 = -5*n - 2*z + i. Calculate the remainder when c is divided by n.
14
Suppose -53 = 4*x + 5*w, 5*x - 2*w - w + 57 = 0. Calculate the remainder when 24 is divided by (11/(-4) + 2)*x.
6
Let v(t) = -t**2 + 6*t + 8. Let j be v(8). Let b(h) = -h**2 - 10*h - 2. What is the remainder when 41 is divided by b(j)?
13
Let j = -7 + 17. Calculate the remainder when 12 is divided by j.
2
Suppose -4*d + 2*d = -2. Let s be d/(1/25*1). What is the remainder when (-3 + 0 - -3) + s is divided by 13?
12
Let g(w) = -w**3 + 4*w**2 + 5*w + 1. Let j be g(4). Let d = j + 1. Calculate the remainder when 43 is divided by d.
21
Suppose 304 = -0*c + 4*c. Calculate the remainder when c is divided by (0 + -5)*52/(-10).
24
Suppose -4*h = -106 - 114. Let k(g) = g**2 + 8*g + 5. Calculate the remainder when h is divided by k(-9).
13
Let f(g) = g**3 - 3*g**2 + 3*g - 4. Calculate the remainder when f(3) is divided by 2.
1
Let i(d) be the third derivative of d**4/24 + 17*d**3/6 + d**2. Calculate the remainder when i(0) is divided by -1 + (1 - 2*-3).
5
Suppose -5*o = -3*s - 685, 0 = -3*o - s + 496 - 85. What is the remainder when o is divided by 10?
7
Suppose q - 2*q = -1. Let a = 7 + q. Calculate the remainder when 23 is divided by a.
7
Let c = -7 - -3. Let k(w) = 3*w + 0 - 3*w**2 - w**3 + w + 4. What is the remainder when k(c) is divided by 3?
1
Suppose -12 = 5*d - 247. Calculate the remainder when d is